 23*p = 26*p - 15. Suppose 24*q - 3 = 23*q. Let x(j) = -3 - 2 - q + j. Determine x(p).
-3
Let v(h) = 14*h**2 - 23*h + 7. Let c be v(-10). Let b(f) = -f**3 + 7*f + 5 + 1645*f**2 + 7 - c*f**2. Give b(9).
-6
Let b = 1018 - 1014. Let k(p) = -p - 7. Give k(b).
-11
Let b be -15*1*(-1)/3. Let k(y) = 24*y - 17. Let d(x) = -14*x + 10. Let u(o) = -7*d(o) - 4*k(o). Calculate u(b).
8
Let v be 6/(-14) - (-120)/35. Let l(d) = d**3 + d**2 + 2*d + 3. Let s(w) = -2*w**3 - w**2 - 3*w - 5. Let f(x) = -5*l(x) - 3*s(x). Give f(v).
6
Let o(u) = -u**3 - 8*u**2 + u + 3. Suppose 0*b - 56 = -2*b + 4*c, 2*c + 112 = 4*b. Suppose 4*a = -f - 3*f - 16, 3*f = 2*a + b. Give o(a).
-5
Let c(m) = -m**2 - 12*m - 11. Let r be 14/21 + 1*87/(-9). Calculate c(r).
16
Let j(v) = -2*v**3 - 2*v - 2. Let t(m) = -m**2 - 40*m + 328. Let g be t(-47). Give j(g).
2
Let i(r) be the third derivative of 8*r**2 + 0*r + 0 + 5/6*r**3 + 1/60*r**5 - 1/4*r**4. Let k(p) = -p**3 + 7*p**2 - 4*p - 7. Let b be k(6). What is i(b)?
0
Suppose 69*y = 24*y + 540. Let g(k) = -k**3 + 12*k**2 - 3*k + 17. What is g(y)?
-19
Suppose 0 = -5*l + 5. Let p(n) = -n**2 + 1. Let s(o) be the first derivative of -o**3/3 - o**2/2 - 2*o + 1. Let h(q) = l*p(q) + s(q). What is h(-2)?
-7
Let v(c) = c**2 + 8*c - 7. Let a = -34 - -24. Let i = -18 - a. Calculate v(i).
-7
Let p(j) = -j + 1. Let x(l) = 25*l**2. Let n be x(1). Suppose n = -3*s + 2*i, 0*s + 20 = -3*s + i. What is p(s)?
6
Let i(s) = -s**3 + 8*s**2 + 8*s + 8. Let q(m) = m**3 + 5*m**2 - m - 5. Let y = 44 + -46. Let w be q(y). Calculate i(w).
-1
Let p(j) = -j - 9. Let i = 11 + -8. Suppose -6 = b + i*c, 5*b - 2*b = c - 68. Let d be 98/b*(-6)/(-4). What is p(d)?
-2
Suppose -474 + 508 = 17*f. Let n(q) = -2*q**2 + q**3 + 3*q**3 - 3*q**3 + 4*q - 3. Calculate n(f).
5
Let z(l) be the second derivative of l**5/20 - l**4/4 + l**2 + 15*l. Suppose 15 = 3*s + 2*s. What is z(s)?
2
Let s(z) = -2*z**2 + 4*z - 2. Let b(r) = r**3 - 16*r**2 - 19*r - 41. Let t be b(17). Let l be (-4)/((-24)/15)*(-120)/t. What is s(l)?
-18
Let v(r) = -r**2 - 4*r + 7. Suppose 24 = -4*b + 4*f, -8*f + 5*f = 3*b + 12. What is v(b)?
2
Let x(z) = z + 10. Let f be x(-10). Let g be 27/(-2)*9/((-81)/114). Let b(t) = -164 + t**2 + g - 2*t**2 + t. Determine b(f).
7
Let o(z) = 10*z - 6*z**2 + 13*z + 8*z - 27*z + 17. Let r(v) = v**2 - v - 3. Let t(j) = 2*o(j) + 11*r(j). Determine t(-4).
-3
Suppose 3*f - 72 = 5*z, 5*z + 4 = f - 60. Let g be -3*(12/(-3))/z. Let o(i) = -3*i**2 + i. Give o(g).
-4
Let c(i) = -i**3 + 8*i**2 - 8. Let v(g) = -g**3 - 44*g**2 - 88*g - 161. Let s be v(-42). Give c(s).
41
Let v be (-15 + -1)*(-7)/7. Suppose 0 = -3*w + 3*h - 51, w - 3*h = -h - 12. Let i = v + w. Let a(d) = d**2 + 7*d + 1. Give a(i).
-5
Let q(b) = -b**2 + 7*b - 5. Let t = -439 - -444. Calculate q(t).
5
Let z(n) = n**3 + 7*n**2 - 8*n - 1. Let l = 435 - 443. Calculate z(l).
-1
Let l be -1*1 - 12*4/(-8). Let u(b) = -5 + b - l*b + 3*b. What is u(-5)?
0
Let y(x) = x**2 + 3*x - 8. Let r be y(-4). Let i(a) = 1. Let c(f) = 4*f + 3. Let b(t) = r*i(t) + c(t). What is b(-3)?
-13
Let q(o) be the second derivative of -3*o + o**2 + 0 - 4/3*o**3. Give q(2).
-14
Let b be 4/16*4 + (-2 - -13). Suppose b*o = 5*o + 42. Let j(h) = 3*h - 7. Give j(o).
11
Let k(x) = -2*x**2 - x - 2. Let n(d) = d**2 + 11*d + 16. Let m be n(-10). Let o be ((-10)/m)/(-5)*-15 + 3. Determine k(o).
-8
Let q(w) be the second derivative of w**4/12 + 3*w**3/2 + 2*w**2 + 30*w - 2. Give q(-6).
-14
Let r(x) = x + 11. Let b be r(-10). Suppose 2*d = f - 3 - 3, -d - b = -f. Let a(t) = t + 8. Determine a(f).
4
Let s(j) = -2*j**3 - 9*j**2 - 5*j - 11. Let l(k) = 5*k**3 + 26*k**2 + 15*k + 32. Let h(i) = 3*l(i) + 8*s(i). What is h(7)?
-6
Let k(v) = 2*v + 4 + 2 - 1 - 8 + 8. Give k(-5).
-5
Suppose 5*w + 13 = -2*m, -m - 2*w + 4 = -3*w. Let t(k) = 9*k**2 + 2*k**2 - 2*k**2. Calculate t(m).
9
Let i(f) be the first derivative of f**4/4 + 4*f**3/3 - 3*f - 1. Let v(y) = y**2 + 8*y - 109. Let c be v(-15). What is i(c)?
-3
Let u(x) = x**3 + 14*x**2 + 14*x + 15. Let d be u(-13). Suppose -d*c + 3*c = -2. Let b = -4 - c. Let n(l) = -l**3 - l**2 - 3*l - 3. What is n(b)?
7
Suppose 0 = k - 3*n - 8, 5*k - 8*n + 13*n + 60 = 0. Let i(v) = -3 + 3*v + 0 - 2*v - 2*v. What is i(k)?
4
Suppose -9 = -3*n + 12. Let r be 2/n - (-561)/(-77). Let h(i) be the second derivative of i**5/20 + 7*i**4/12 - i**3/6 - i**2 - 7*i. Determine h(r).
5
Let i be (12 - 9) + -3*1. Suppose i = -5*f - 0*f - 10. Let q(y) be the third derivative of -y**4/8 - y**3/3 - 3*y**2. Determine q(f).
4
Let o(s) = s**3 - 4*s**2 - 2*s - 1. Let y be 3/(-4)*(-32)/6. What is o(y)?
-9
Let f(c) = -2*c**2 + 16*c + 10. Let r be f(8). Let a(q) = -r + 0*q - 8*q + 7*q. Give a(-5).
-5
Suppose 93 = -13*x + 106. Let j(n) = 27*n**3 + n. What is j(x)?
28
Let j(w) be the first derivative of 1/4*w**4 + 2/3*w**3 + 25 - w - 3/2*w**2. Calculate j(-3).
-1
Let o = -59 + 52. Let h(w) = 7*w + 18. Let y(t) = 4*t + 9. Let x(s) = -3*h(s) + 5*y(s). Give x(o).
-2
Let w(z) = z**3 - 14*z**2 + 13*z + 6. Suppose -12*q + 71 = -85. What is w(q)?
6
Let k(d) = 19*d**3 + 3*d**2 - 2*d + 11. Let g(i) = -32*i**3 - 7*i**2 + 3*i - 21. Let u(o) = 3*g(o) + 5*k(o). Let m be 1*-2*(1 - -2). What is u(m)?
-2
Let u(f) be the third derivative of f**5/60 - 2*f**4/3 + 11*f**3/6 - 262*f**2. What is u(16)?
11
Let c be ((-3)/(-2))/(1/4). Let z(t) = -5*t**3 + t**2 + 24*t - 2. Let x(k) = 11*k**3 - k**2 - 52*k + 3. Let q(b) = 4*x(b) + 9*z(b). Determine q(c).
6
Suppose 3*m + 5*d - 64 = -18, 3*m - 30 = 3*d. Let s(a) = -a**3 + 11*a**2 + 12*a - 6. Determine s(m).
-6
Suppose -3*c - 2*o - 11 - 7 = 0, -29 = 5*c + 3*o. Let j(t) = 1. Let w(g) = g + 1. Let q(x) = -2*j(x) - w(x). Determine q(c).
1
Let u(v) = -v**2 + 6*v + 7. Let r(a) = 4*a + 55. Let h be r(-12). Calculate u(h).
0
Let b(h) = -h**3 + 28*h**2 + 30*h - 29. Let i be b(29). Let z(m) be the second derivative of i + 2*m**2 - 9*m - 1/2*m**3 - 1/12*m**4. Calculate z(3).
-14
Let r(g) = 4*g**3 + 4*g**2 - 3*g - 2. Let a(w) = 11*w**3 + 12*w**2 - 8*w - 6. Let y(z) = -3*a(z) + 8*r(z). Suppose -9*i - i = 20. Give y(i).
-6
Let j(x) = 48*x + 240. Let f(k) = -3*k - 15. Let l(p) = 33*f(p) + 2*j(p). Let g be l(-7). Let b(h) = h**2 - 7*h + 7. Give b(g).
1
Let y(i) = 2*i**3 + 5*i**2 + 5*i + 3. Let r = -163 - -160. Determine y(r).
-21
Let n = 7 - 5. Let l(q) = 9*q**3 + 3*q**2 + 4*q - 53. Let k(p) = -5*p**3 - 2*p**2 - 2*p + 29. Let t(u) = -11*k(u) - 6*l(u). Give t(n).
19
Let q(o) = o + 1. Let h(z) = 4*z + 13. Let b be 0/(-2 + -1) - -1. Let g(w) = b*h(w) - 5*q(w). Determine g(0).
8
Suppose -148*b + 160*b = -84. Let a(u) = -5*u. Determine a(b).
35
Let t(d) = d + 1. Let v(z) = z + 1. Let x(m) = t(m) + 3*v(m). Suppose -3*j + j = -10. Suppose 0 = -4*i + b - 13, -j*i + 0*b + 3*b - 18 = 0. Give x(i).
-8
Suppose 8*u + 75 = -85. Let h(t) = -t - 16. Calculate h(u).
4
Let n(l) = 17*l**2 + 5 - 24*l**2 - 5 - 7*l. Let m(b) = 20*b**2 + 20*b. Let i(j) = 6*m(j) + 17*n(j). What is i(0)?
0
Let j be 2 + (-3 - (-15)/3). Let m be 1/4 + 19/j. Let y(w) be the second derivative of -w**4/12 + 5*w**3/6 - 3*w**2 + w. Give y(m).
-6
Let p be -1 + -5 + 8/4. Let r(g) = -g**2 - 3*g + 3. Let z(u) = -2*u**2 - 4*u + 4. Let x(b) = p*r(b) + 3*z(b). Give x(-2).
-8
Let m(q) = -q**3 - 6*q**2 - 4*q + 7. Let z be m(-5). Let t(c) = -z*c - 18*c**2 - 16 + 19*c**2 + 13. What is t(5)?
12
Let y(k) = 27 - k**3 + 10*k**2 + 33 + 9*k + 41 - 78. Give y(11).
1
Let j(i) = i**2 + 17*i + 4. Let o be j(-17). Suppose o*t - 89 = 5*n, 43 = t + t - 3*n. Let b = t - 28. Let m(x) = -3*x**3 - 3*x**2 + x + 2. Give m(b).
12
Suppose -4*j - c = 16 + 4, 0 = -j - 5*c + 14. Let g(o) = -5*o - 4. Determine g(j).
26
Suppose -68 = -4*m + 2*l - 30, 5*m - 4*l = 43. Let c(n) = -n - 5. Determine c(m).
-16
Let a be 1*-4*3/(-12). Let d(t) = 10*t - 11 + a + 10. Calculate d(-1).
-10
Let z(c) = -3*c**2 + 7*c - 7. Let s(b) = 4*b**2 - 6*b + 7. Let k(u) = 2*s(u) + 3*z(u). Let t(g) = -5*g + 7. Let o be t(-17). Let r = o - 87. Determine k(r).
13
Let p(i) = -2402*i + 1201*i - 26 + 1199*i. Calculate p(-17).
8
Let m(z) be the second derivative of z**5/60 + z**4/6 - z**3/2 - 20*z**2 + 2*z. Let p(w) be the first derivative of m(w). Determine p(-4).
-3
Let o(c) be the second derivative of -3/2*c**2 + 0*c**3 + 0 - 1/20*c**5 + 20*c - 1/4*c**4. What is o(-3)?
-3
Suppose 30 = 3*k -